MONTHLY CLIMATOLOGICAL SUMMARY for SEP. 2023

NAME: WEERSTATION SCHEULDER   CITY: SCHEULDER STATE: NEDERLAND
ELEV: 175 LAT: 050:49:60 LONG: 0005:50:60

                            TEMPERATURE ( C), RAIN (mm), WIND SPEED (kmh)

                                               HEAT     COOL           AVG
      MEAN                                     DEG      DEG            WIND                       DOM
DAY   TEMP    HIGH   TIME     LOW    TIME      DAYS     DAYS    RAIN   SPEED    HIGH    TIME      DIR
----------------------------------------------------------------------------------------------------------------------------------------------------------
01    17.3    20.8   16:46    13.8   00:03     01.7     00.0    16.0   03.2     24.1    13:46      SW
02    19.7    25.0   14:40    14.4   05:00     00.0     01.1    00.0   01.0     12.9    11:59      SE
03    18.9    24.0   15:28    13.7   06:38     00.0     00.4    00.0   01.8     18.5    12:52      NE
04    18.8    26.3   16:51    11.3   04:02     00.0     01.2    00.0   03.3     20.4    16:23     ENE
05    22.9    33.4   16:53    12.4   05:53     00.0     04.5    00.0   01.7     12.9    12:56     ESE
06    21.8    30.7   16:09    12.9   07:18     00.0     03.9    00.0   02.1     18.5    18:08      E 
07    21.7    30.9   15:28    12.6   07:27     00.0     03.9    00.0   02.7     18.5    17:45     ENE
08    23.1    31.3   16:43    14.8   05:09     00.0     04.3    00.0   01.7     11.1    08:40     SSE
09    23.5    31.1   16:46    16.0   06:37     00.0     04.8    00.0   02.2     12.9    14:43      SW
10    24.8    32.2   14:26    17.5   05:57     00.0     06.4    00.0   02.5     09.3    23:59      SE
11    23.4    29.2   15:03    17.6   06:30     00.0     04.9    00.0   04.1     18.5    10:24      SW
12    20.9    25.1   15:59    16.6   20:37     00.0     01.6    11.8   01.5     25.9    19:23     WNW
13    17.3    20.6   12:32    14.1   23:07     00.9     00.0    00.2   06.1     27.8    13:26     WSW
14    15.8    21.4   15:45    10.3   07:43     02.6     00.0    00.0   00.9     11.1    13:28      E 
15    16.8    24.3   16:11    09.2   06:09     01.2     00.0    00.0   00.6     12.9    14:39     ESE
16    19.7    26.7   15:09    12.7   07:43     00.0     01.2    01.8   00.9     18.5    16:36     ESE
17    21.0    25.3   16:09    16.8   06:53     00.0     02.6    01.2   02.6     18.5    13:54     SSW
18    19.5    24.2   15:29    14.8   00:00     00.0     01.2    05.4   07.3     42.5    18:44     SSW
19    16.2    19.5   14:41    12.9   07:46     02.5     00.0    00.0   13.0     40.7    15:44      SW
20    19.4    23.1   16:00    15.7   06:31     00.0     00.0    00.0   06.9     35.1    14:14      S 
21    17.0    20.3   13:10    13.6   23:58     01.1     00.0    09.6   05.5     38.9    17:43     SSE
22    15.1    19.3   14:50    10.8   23:01     05.1     00.0    03.6   05.9     31.4    12:26     SSW
23    14.2    18.8   16:16    09.6   07:12     05.7     00.0    00.0   07.7     29.6    16:32      SW
24    14.4    21.2   15:44    07.7   07:34     04.7     00.0    00.2   02.8     18.5    16:32     SSE
25    15.3    23.2   16:32    07.4   03:43     03.6     00.0    00.0   01.9     16.6    12:06     SSE
26    17.1    24.0   15:16    10.1   06:59     01.8     00.0    00.0   03.4     16.6    12:41     SSE
27    18.6    25.8   16:21    11.5   06:36     00.5     00.0    00.0   03.1     24.1    23:48     SSE
----------------------------------------------------------------------------------------------------------------------------------------------------------
18.7 (19.0)   33.4  day 05     07.4  day 25   031.4    042.1   049.8   03.6     42.6   day 18      S 
Max >=  30: 6
Min <=   30: 27
Max Rain: 16.0 ON 1-09-23
Days of Rain: 9 (> .2mm) 5 (> 2mm) 0 (> 20mm)