MONTHLY CLIMATOLOGICAL SUMMARY for JUL. 2024

NAME: WEERSTATION SCHEULDER   CITY: SCHEULDER STATE: NEDERLAND
ELEV: 175 LAT: 050:49:60 LONG: 0005:50:60

                            TEMPERATURE ( C), RAIN (mm), WIND SPEED (kmh)

                                               HEAT     COOL           AVG
      MEAN                                     DEG      DEG            WIND                       DOM
DAY   TEMP    HIGH   TIME     LOW    TIME      DAYS     DAYS    RAIN   SPEED    HIGH    TIME      DIR
----------------------------------------------------------------------------------------------------------------------------------------------------------
01    16.1    19.3   16:38    12.9   06:02     02.6     00.0    02.6   07.5     22.2    01:43      W 
02    14.9    17.2   13:54    12.7   00:58     03.7     00.0    04.2   07.0     27.8    15:28     WSW
03    13.1    16.7   17:39    09.5   04:23     05.0     00.0    02.2   04.9     27.8    17:38      SW
04    16.3    21.1   16:38    11.5   00:00     02.2     00.0    02.6   11.5     37.0    09:22     WSW
05    15.7    20.2   18:48    11.2   00:46     02.7     00.0    00.0   08.3     31.4    12:36      SW
06    17.0    21.8   10:06    12.1   23:59     00.5     00.0    00.0   14.8     48.1    17:45      SW
07    15.3    20.8   16:18    09.8   06:05     03.1     00.0    00.0   06.4     31.4    13:51     SSW
08    17.5    23.9   13:58    11.0   04:21     00.3     00.0    00.0   02.8     18.5    12:07     SSW
09    24.2    32.9   16:38    15.6   04:24     00.0     05.3    02.8   06.5     50.0    20:31      SE
10    21.2    26.0   15:51    16.4   23:07     00.0     02.1    02.4   06.7     31.4    17:18      SW
11    19.6    24.4   16:26    14.7   06:22     00.0     01.3    00.0   05.7     29.6    13:12     WSW
12    14.9    17.3   00:01    12.5   23:55     03.4     00.0    28.6   05.3     25.9    12:40     WNW
13    15.6    19.9   16:16    11.2   05:47     03.9     00.0    00.0   10.5     31.4    14:50      SW
----------------------------------------------------------------------------------------------------------------------------------------------------------
16.8 (17.0)   32.9  day 09     09.5  day 03   027.5    008.6   045.4   07.5     50.0   day 09      SW
Max >=  30: 1
Min <=   30: 13
Max Rain: 28.6 ON 12-07-24
Days of Rain: 7 (> .2mm) 7 (> 2mm) 1 (> 20mm)