MONTHLY CLIMATOLOGICAL SUMMARY for NOV. 2022

NAME: WEERSTATION SCHEULDER   CITY: SCHEULDER STATE: NEDERLAND
ELEV: 175 LAT: 050:49:60 LONG: 0005:50:60

                            TEMPERATURE ( C), RAIN (mm), WIND SPEED (kmh)

                                               HEAT     COOL           AVG
      MEAN                                     DEG      DEG            WIND                       DOM
DAY   TEMP    HIGH   TIME     LOW    TIME      DAYS     DAYS    RAIN   SPEED    HIGH    TIME      DIR
----------------------------------------------------------------------------------------------------------------------------------------------------------
01    14.3    17.1   00:36    11.6   08:15     04.0     00.0    00.0   10.7     40.7    05:07      S 
02    12.8    16.0   14:00    09.6   18:00     06.4     00.0    00.0   12.2     38.9    05:17      S 
03    12.0    14.6   13:59    09.4   23:44     06.4     00.0    01.2   11.0     38.9    16:00     SSE
04    09.0    12.1   12:08    05.8   00:00     09.4     00.0    01.0   03.9     35.1    00:49      SW
05    08.0    11.6   13:42    04.4   07:33     10.6     00.0    00.4   04.7     20.4    17:47     SSW
06    10.1    12.4   12:11    07.8   03:34     09.1     00.0    00.6   07.8     37.0    23:39      S 
07    11.9    14.4   11:55    09.4   00:32     06.1     00.0    00.2   08.1     35.1    13:19     SSW
08    13.3    16.3   12:39    10.2   03:06     05.0     00.0    00.0   08.7     37.0    16:26      S 
09    11.7    14.3   00:02    09.0   19:32     06.3     00.0    00.8   10.9     38.9    12:37      SW
10    11.4    15.2   14:36    07.6   07:33     08.1     00.0    00.2   06.7     37.0    12:59     SSW
11    10.4    16.6   14:37    04.2   23:14     09.1     00.0    00.0   03.0     18.5    01:51      S 
12    11.3    17.8   14:26    04.8   03:00     07.9     00.0    00.0   01.4     11.1    10:09     ESE
13    10.2    16.4   14:44    04.0   00:00     09.0     00.0    00.0   01.1     11.1    16:40      E 
14    06.1    11.4   00:00    00.8   08:03     12.6     00.0    00.6   02.6     24.1    12:56      S 
15    11.5    13.6   14:39    09.4   09:48     06.6     00.0    01.4   07.1     31.4    13:11     SSE
16    10.5    13.4   14:33    07.6   08:28     07.7     00.0    03.4   05.2     25.9    21:39     SSE
17    10.7    13.2   14:54    08.1   21:20     07.9     00.0    02.6   11.1     48.1    01:55      S 
18    08.6    10.9   14:35    06.3   07:44     09.9     00.0    06.0   05.4     25.9    11:47      SW
19    05.2    08.1   02:35    02.2   23:12     13.9     00.0    04.4   03.8     18.5    21:02     NNE
20    05.1    08.1   13:58    02.0   05:34     13.4     00.0    02.4   07.3     38.9    17:52     WSW
21    06.7    08.3   14:39    05.0   08:03     11.8     00.0    01.6   09.1     33.3    00:48     SSW
22    06.3    08.5   13:19    04.1   08:01     11.6     00.0    00.2   07.2     31.4    10:32      S 
23    08.5    10.6   12:55    06.4   19:03     10.4     00.0    04.0   09.7     38.9    13:10     SSW
24    09.1    11.8   14:23    06.3   07:36     10.0     00.0    00.2   10.6     33.3    09:21     SSW
25    08.2    11.5   14:57    05.0   23:47     09.7     00.0    00.6   09.6     33.3    00:57      SW
26    07.0    10.4   15:11    03.5   05:52     12.1     00.0    00.4   04.6     20.4    23:51      S 
27    06.6    09.4   12:56    03.9   02:26     11.0     00.0    00.2   06.3     25.9    04:25     SSE
----------------------------------------------------------------------------------------------------------------------------------------------------------
09.2 (9.5)   17.8  day 12     00.8  day 14   245.9    000.0   032.4   07.0     48.1   day 17     SSW
Min <=   30: 27
Max Rain: 6.0 ON 18-11-22
Days of Rain: 21 (> .2mm) 6 (> 2mm) 0 (> 20mm)